{"id":715,"date":"2024-09-03T15:40:56","date_gmt":"2024-09-03T13:40:56","guid":{"rendered":"https:\/\/kimounette.fr\/?page_id=715"},"modified":"2024-09-03T15:40:56","modified_gmt":"2024-09-03T13:40:56","slug":"galerie-photo","status":"publish","type":"page","link":"https:\/\/kimounette.fr\/index.php\/galerie-photo\/","title":{"rendered":"Galerie photo"},"content":{"rendered":"<p>[et_pb_section fb_built=\u00a0\u00bb1&Prime; _builder_version=\u00a0\u00bb4.25.2&Prime; _module_preset=\u00a0\u00bbdefault\u00a0\u00bb hover_enabled=\u00a0\u00bb0&Prime; global_colors_info=\u00a0\u00bb{}\u00a0\u00bb alt=\u00a0\u00bbbain envelopp\u00e9 photographi\u00e9\u00a0\u00bb title_text=\u00a0\u00bbbain envelopp\u00e9 photographi\u00e9\u00a0\u00bb background_image=\u00a0\u00bbhttps:\/\/kimounette.fr\/wp-content\/uploads\/2024\/09\/Capture-decran-2024-09-03-a-13.01.36.png\u00a0\u00bb sticky_enabled=\u00a0\u00bb0&Prime;][et_pb_row _builder_version=\u00a0\u00bb4.25.2&Prime; _module_preset=\u00a0\u00bbdefault\u00a0\u00bb][et_pb_column _builder_version=\u00a0\u00bb4.25.2&Prime; _module_preset=\u00a0\u00bbdefault\u00a0\u00bb type=\u00a0\u00bb4_4&Prime;][et_pb_text _builder_version=\u00a0\u00bb4.25.2&Prime; _module_preset=\u00a0\u00bbdefault\u00a0\u00bb text_font=\u00a0\u00bb&#8211;et_global_body_font||||||||\u00a0\u00bb global_colors_info=\u00a0\u00bb{%22gcid-1f519274-0a72-45d8-8578-e31fbdc93f8d%22:%91%22text_text_color%22%93}\u00a0\u00bb text_text_color=\u00a0\u00bbgcid-1f519274-0a72-45d8-8578-e31fbdc93f8d\u00a0\u00bb text_font_size=\u00a0\u00bb48px\u00a0\u00bb hover_enabled=\u00a0\u00bb0&Prime; sticky_enabled=\u00a0\u00bb0&Prime; text_orientation=\u00a0\u00bbcenter\u00a0\u00bb]<\/p>\n<p>Gallerie<\/p>\n<p>[\/et_pb_text][\/et_pb_column][\/et_pb_row][\/et_pb_section][et_pb_section fb_built=\u00a0\u00bb1&Prime; theme_builder_area=\u00a0\u00bbpost_content\u00a0\u00bb _builder_version=\u00a0\u00bb4.25.2&Prime; _module_preset=\u00a0\u00bbdefault\u00a0\u00bb][et_pb_row _builder_version=\u00a0\u00bb4.25.2&Prime; _module_preset=\u00a0\u00bbdefault\u00a0\u00bb theme_builder_area=\u00a0\u00bbpost_content\u00a0\u00bb column_structure=\u00a0\u00bb1_3,1_3,1_3&Prime;][et_pb_column _builder_version=\u00a0\u00bb4.25.2&Prime; _module_preset=\u00a0\u00bbdefault\u00a0\u00bb type=\u00a0\u00bb1_3&Prime; theme_builder_area=\u00a0\u00bbpost_content\u00a0\u00bb][et_pb_image src=\u00a0\u00bbhttps:\/\/kimounette.fr\/wp-content\/uploads\/2024\/09\/Capture-decran-2024-09-03-a-13.16.20.png\u00a0\u00bb _builder_version=\u00a0\u00bb4.25.2&Prime; _module_preset=\u00a0\u00bbdefault\u00a0\u00bb theme_builder_area=\u00a0\u00bbpost_content\u00a0\u00bb alt=\u00a0\u00bbbain envelopp\u00e9 photographi\u00e9\u00a0\u00bb title_text=\u00a0\u00bbbain envelopp\u00e9 photographi\u00e9\u00a0\u00bb hover_enabled=\u00a0\u00bb0&Prime; sticky_enabled=\u00a0\u00bb0&Prime;][\/et_pb_image][\/et_pb_column][et_pb_column _builder_version=\u00a0\u00bb4.25.2&Prime; _module_preset=\u00a0\u00bbdefault\u00a0\u00bb type=\u00a0\u00bb1_3&Prime; theme_builder_area=\u00a0\u00bbpost_content\u00a0\u00bb][et_pb_image src=\u00a0\u00bbhttps:\/\/kimounette.fr\/wp-content\/uploads\/2024\/09\/IMG_20240903_131733_362.jpg\u00a0\u00bb _builder_version=\u00a0\u00bb4.25.2&Prime; _module_preset=\u00a0\u00bbdefault\u00a0\u00bb theme_builder_area=\u00a0\u00bbpost_content\u00a0\u00bb alt=\u00a0\u00bbbain envelopp\u00e9 photographi\u00e9\u00a0\u00bb title_text=\u00a0\u00bbbain envelopp\u00e9 photographi\u00e9\u00a0\u00bb hover_enabled=\u00a0\u00bb0&Prime; sticky_enabled=\u00a0\u00bb0&Prime;][\/et_pb_image][\/et_pb_column][et_pb_column _builder_version=\u00a0\u00bb4.25.2&Prime; _module_preset=\u00a0\u00bbdefault\u00a0\u00bb type=\u00a0\u00bb1_3&Prime; theme_builder_area=\u00a0\u00bbpost_content\u00a0\u00bb][et_pb_image src=\u00a0\u00bbhttps:\/\/kimounette.fr\/wp-content\/uploads\/2024\/09\/Capture-decran-2024-09-03-a-15.39.55.png\u00a0\u00bb _builder_version=\u00a0\u00bb4.25.2&Prime; _module_preset=\u00a0\u00bbdefault\u00a0\u00bb theme_builder_area=\u00a0\u00bbpost_content\u00a0\u00bb alt=\u00a0\u00bbphoto b\u00e9b\u00e9 bain envelopp\u00e9\u00a0\u00bb title_text=\u00a0\u00bbphoto b\u00e9b\u00e9 bain envelopp\u00e9\u00a0\u00bb hover_enabled=\u00a0\u00bb0&Prime; sticky_enabled=\u00a0\u00bb0&Prime; width=\u00a0\u00bb100%\u00a0\u00bb][\/et_pb_image][\/et_pb_column][\/et_pb_row][\/et_pb_section]<\/p>\n","protected":false},"excerpt":{"rendered":"<p>Gallerie<\/p>\n","protected":false},"author":1,"featured_media":0,"parent":0,"menu_order":0,"comment_status":"closed","ping_status":"closed","template":"","meta":{"_et_pb_use_builder":"on","_et_pb_old_content":"","_et_gb_content_width":"","footnotes":""},"class_list":["post-715","page","type-page","status-publish","hentry"],"yoast_head":"<!-- This site is optimized with the Yoast SEO plugin v22.9 - https:\/\/yoast.com\/wordpress\/plugins\/seo\/ -->\n<title>Galerie photo - Kimounette<\/title>\n<meta name=\"robots\" content=\"index, follow, max-snippet:-1, max-image-preview:large, max-video-preview:-1\" \/>\n<link rel=\"canonical\" href=\"https:\/\/kimounette.fr\/index.php\/galerie-photo\/\" \/>\n<meta property=\"og:locale\" content=\"fr_FR\" \/>\n<meta property=\"og:type\" content=\"article\" \/>\n<meta property=\"og:title\" content=\"Galerie photo - Kimounette\" \/>\n<meta property=\"og:description\" content=\"Gallerie\" \/>\n<meta property=\"og:url\" content=\"https:\/\/kimounette.fr\/index.php\/galerie-photo\/\" \/>\n<meta property=\"og:site_name\" content=\"Kimounette\" \/>\n<meta name=\"twitter:card\" content=\"summary_large_image\" \/>\n<script type=\"application\/ld+json\" class=\"yoast-schema-graph\">{\"@context\":\"https:\/\/schema.org\",\"@graph\":[{\"@type\":\"WebPage\",\"@id\":\"https:\/\/kimounette.fr\/index.php\/galerie-photo\/\",\"url\":\"https:\/\/kimounette.fr\/index.php\/galerie-photo\/\",\"name\":\"Galerie photo - Kimounette\",\"isPartOf\":{\"@id\":\"https:\/\/kimounette.fr\/#website\"},\"datePublished\":\"2024-09-03T13:40:56+00:00\",\"dateModified\":\"2024-09-03T13:40:56+00:00\",\"breadcrumb\":{\"@id\":\"https:\/\/kimounette.fr\/index.php\/galerie-photo\/#breadcrumb\"},\"inLanguage\":\"fr-FR\",\"potentialAction\":[{\"@type\":\"ReadAction\",\"target\":[\"https:\/\/kimounette.fr\/index.php\/galerie-photo\/\"]}]},{\"@type\":\"BreadcrumbList\",\"@id\":\"https:\/\/kimounette.fr\/index.php\/galerie-photo\/#breadcrumb\",\"itemListElement\":[{\"@type\":\"ListItem\",\"position\":1,\"name\":\"Home\",\"item\":\"https:\/\/kimounette.fr\/\"},{\"@type\":\"ListItem\",\"position\":2,\"name\":\"Galerie photo\"}]},{\"@type\":\"WebSite\",\"@id\":\"https:\/\/kimounette.fr\/#website\",\"url\":\"https:\/\/kimounette.fr\/\",\"name\":\"Kimounette\",\"description\":\"Accompagnante \u00e0 la parentalit\u00e9 \u00e0 Julienas\",\"publisher\":{\"@id\":\"https:\/\/kimounette.fr\/#organization\"},\"potentialAction\":[{\"@type\":\"SearchAction\",\"target\":{\"@type\":\"EntryPoint\",\"urlTemplate\":\"https:\/\/kimounette.fr\/?s={search_term_string}\"},\"query-input\":\"required name=search_term_string\"}],\"inLanguage\":\"fr-FR\"},{\"@type\":\"Organization\",\"@id\":\"https:\/\/kimounette.fr\/#organization\",\"name\":\"Kimounette\",\"alternateName\":\"Kimounette\",\"url\":\"https:\/\/kimounette.fr\/\",\"logo\":{\"@type\":\"ImageObject\",\"inLanguage\":\"fr-FR\",\"@id\":\"https:\/\/kimounette.fr\/#\/schema\/logo\/image\/\",\"url\":\"https:\/\/kimounette.fr\/wp-content\/uploads\/2023\/08\/cropped-KIMOUNETTE_LOGO_DECLINAISON_V2_ROUGE.png\",\"contentUrl\":\"https:\/\/kimounette.fr\/wp-content\/uploads\/2023\/08\/cropped-KIMOUNETTE_LOGO_DECLINAISON_V2_ROUGE.png\",\"width\":512,\"height\":512,\"caption\":\"Kimounette\"},\"image\":{\"@id\":\"https:\/\/kimounette.fr\/#\/schema\/logo\/image\/\"},\"sameAs\":[\"https:\/\/www.instagram.com\/kimounette_fr\/\"]}]}<\/script>\n<!-- \/ Yoast SEO plugin. -->","yoast_head_json":{"title":"Galerie photo - Kimounette","robots":{"index":"index","follow":"follow","max-snippet":"max-snippet:-1","max-image-preview":"max-image-preview:large","max-video-preview":"max-video-preview:-1"},"canonical":"https:\/\/kimounette.fr\/index.php\/galerie-photo\/","og_locale":"fr_FR","og_type":"article","og_title":"Galerie photo - Kimounette","og_description":"Gallerie","og_url":"https:\/\/kimounette.fr\/index.php\/galerie-photo\/","og_site_name":"Kimounette","twitter_card":"summary_large_image","schema":{"@context":"https:\/\/schema.org","@graph":[{"@type":"WebPage","@id":"https:\/\/kimounette.fr\/index.php\/galerie-photo\/","url":"https:\/\/kimounette.fr\/index.php\/galerie-photo\/","name":"Galerie photo - Kimounette","isPartOf":{"@id":"https:\/\/kimounette.fr\/#website"},"datePublished":"2024-09-03T13:40:56+00:00","dateModified":"2024-09-03T13:40:56+00:00","breadcrumb":{"@id":"https:\/\/kimounette.fr\/index.php\/galerie-photo\/#breadcrumb"},"inLanguage":"fr-FR","potentialAction":[{"@type":"ReadAction","target":["https:\/\/kimounette.fr\/index.php\/galerie-photo\/"]}]},{"@type":"BreadcrumbList","@id":"https:\/\/kimounette.fr\/index.php\/galerie-photo\/#breadcrumb","itemListElement":[{"@type":"ListItem","position":1,"name":"Home","item":"https:\/\/kimounette.fr\/"},{"@type":"ListItem","position":2,"name":"Galerie photo"}]},{"@type":"WebSite","@id":"https:\/\/kimounette.fr\/#website","url":"https:\/\/kimounette.fr\/","name":"Kimounette","description":"Accompagnante \u00e0 la parentalit\u00e9 \u00e0 Julienas","publisher":{"@id":"https:\/\/kimounette.fr\/#organization"},"potentialAction":[{"@type":"SearchAction","target":{"@type":"EntryPoint","urlTemplate":"https:\/\/kimounette.fr\/?s={search_term_string}"},"query-input":"required name=search_term_string"}],"inLanguage":"fr-FR"},{"@type":"Organization","@id":"https:\/\/kimounette.fr\/#organization","name":"Kimounette","alternateName":"Kimounette","url":"https:\/\/kimounette.fr\/","logo":{"@type":"ImageObject","inLanguage":"fr-FR","@id":"https:\/\/kimounette.fr\/#\/schema\/logo\/image\/","url":"https:\/\/kimounette.fr\/wp-content\/uploads\/2023\/08\/cropped-KIMOUNETTE_LOGO_DECLINAISON_V2_ROUGE.png","contentUrl":"https:\/\/kimounette.fr\/wp-content\/uploads\/2023\/08\/cropped-KIMOUNETTE_LOGO_DECLINAISON_V2_ROUGE.png","width":512,"height":512,"caption":"Kimounette"},"image":{"@id":"https:\/\/kimounette.fr\/#\/schema\/logo\/image\/"},"sameAs":["https:\/\/www.instagram.com\/kimounette_fr\/"]}]}},"_links":{"self":[{"href":"https:\/\/kimounette.fr\/index.php\/wp-json\/wp\/v2\/pages\/715","targetHints":{"allow":["GET"]}}],"collection":[{"href":"https:\/\/kimounette.fr\/index.php\/wp-json\/wp\/v2\/pages"}],"about":[{"href":"https:\/\/kimounette.fr\/index.php\/wp-json\/wp\/v2\/types\/page"}],"author":[{"embeddable":true,"href":"https:\/\/kimounette.fr\/index.php\/wp-json\/wp\/v2\/users\/1"}],"replies":[{"embeddable":true,"href":"https:\/\/kimounette.fr\/index.php\/wp-json\/wp\/v2\/comments?post=715"}],"version-history":[{"count":3,"href":"https:\/\/kimounette.fr\/index.php\/wp-json\/wp\/v2\/pages\/715\/revisions"}],"predecessor-version":[{"id":720,"href":"https:\/\/kimounette.fr\/index.php\/wp-json\/wp\/v2\/pages\/715\/revisions\/720"}],"wp:attachment":[{"href":"https:\/\/kimounette.fr\/index.php\/wp-json\/wp\/v2\/media?parent=715"}],"curies":[{"name":"wp","href":"https:\/\/api.w.org\/{rel}","templated":true}]}}