{"id":252,"date":"2023-08-15T15:34:58","date_gmt":"2023-08-15T13:34:58","guid":{"rendered":"https:\/\/kimounette.fr\/?page_id=252"},"modified":"2023-09-01T11:33:54","modified_gmt":"2023-09-01T09:33:54","slug":"massage-femme-enceinte","status":"publish","type":"page","link":"https:\/\/kimounette.fr\/index.php\/massage-femme-enceinte\/","title":{"rendered":"Massage femme enceinte"},"content":{"rendered":"<p>[et_pb_section fb_built=\u00a0\u00bb1&Prime; admin_label=\u00a0\u00bbHeader\u00a0\u00bb _builder_version=\u00a0\u00bb4.21.2&Prime; _module_preset=\u00a0\u00bbdefault\u00a0\u00bb use_background_color_gradient=\u00a0\u00bbon\u00a0\u00bb background_color_gradient_type=\u00a0\u00bbcircular\u00a0\u00bb background_color_gradient_direction_radial=\u00a0\u00bbright\u00a0\u00bb background_color_gradient_stops=\u00a0\u00bbgcid-1f519274-0a72-45d8-8578-e31fbdc93f8d 22%|rgba(255,255,255,0) 100%\u00a0\u00bb background_color_gradient_overlays_image=\u00a0\u00bbon\u00a0\u00bb background_image=\u00a0\u00bbhttps:\/\/kimounette.fr\/wp-content\/uploads\/2023\/08\/shutterstock_1124821898-scaled.jpg\u00a0\u00bb custom_padding=\u00a0\u00bb8vw||8vw||true|false\u00a0\u00bb background_last_edited=\u00a0\u00bbon|desktop\u00a0\u00bb use_background_color_gradient_tablet=\u00a0\u00bbon\u00a0\u00bb background_color_gradient_stops_tablet=\u00a0\u00bbgcid-1f519274-0a72-45d8-8578-e31fbdc93f8d 30%|rgba(243,239,229,0.4) 100%\u00a0\u00bb locked=\u00a0\u00bboff\u00a0\u00bb collapsed=\u00a0\u00bboff\u00a0\u00bb global_colors_info=\u00a0\u00bb{%22gcid-1f519274-0a72-45d8-8578-e31fbdc93f8d%22:%91%22background_color_gradient_stops%22%93}\u00a0\u00bb][et_pb_row column_structure=\u00a0\u00bb1_3,2_3&Prime; _builder_version=\u00a0\u00bb4.20.0&Prime; _module_preset=\u00a0\u00bbdefault\u00a0\u00bb global_colors_info=\u00a0\u00bb{}\u00a0\u00bb][et_pb_column type=\u00a0\u00bb1_3&Prime; _builder_version=\u00a0\u00bb4.20.0&Prime; _module_preset=\u00a0\u00bbdefault\u00a0\u00bb global_colors_info=\u00a0\u00bb{}\u00a0\u00bb][\/et_pb_column][et_pb_column type=\u00a0\u00bb2_3&Prime; _builder_version=\u00a0\u00bb4.20.0&Prime; _module_preset=\u00a0\u00bbdefault\u00a0\u00bb global_colors_info=\u00a0\u00bb{}\u00a0\u00bb][et_pb_text _builder_version=\u00a0\u00bb4.21.2&Prime; _module_preset=\u00a0\u00bb70093e41-8621-4e33-90ab-c754b8c4a6d1&Prime; header_font=\u00a0\u00bbGeorgia|500|||||||\u00a0\u00bb header_text_color=\u00a0\u00bbgcid-bf11b58a-3825-4aa5-9b6e-5d8a197bb729&Prime; header_font_size_phone=\u00a0\u00bb30px\u00a0\u00bb global_colors_info=\u00a0\u00bb{%22gcid-bf11b58a-3825-4aa5-9b6e-5d8a197bb729%22:%91%22header_text_color%22%93}\u00a0\u00bb]<\/p>\n<h1>Massage femme enceinte<\/h1>\n<p>[\/et_pb_text][et_pb_text _builder_version=\u00a0\u00bb4.21.2&Prime; _module_preset=\u00a0\u00bb66a4099d-dccd-4317-9a4b-a318854440ce\u00a0\u00bb text_font=\u00a0\u00bbPoppins||||||||\u00a0\u00bb text_text_color=\u00a0\u00bbgcid-bf11b58a-3825-4aa5-9b6e-5d8a197bb729&Prime; text_font_size=\u00a0\u00bb14px\u00a0\u00bb global_colors_info=\u00a0\u00bb{%22gcid-bf11b58a-3825-4aa5-9b6e-5d8a197bb729%22:%91%22text_text_color%22%93}\u00a0\u00bb]<\/p>\n<p><strong><span style=\"vertical-align: inherit;\"><span style=\"vertical-align: inherit;\"><span style=\"vertical-align: inherit;\"><span style=\"vertical-align: inherit;\">Vous avez besoin de d\u00e9tente, d&rsquo;un moment bien \u00eatre, de soulager vos maux ?<\/span><\/span><\/span><\/span><\/strong><\/p>\n<p><span style=\"vertical-align: inherit;\"><span style=\"vertical-align: inherit;\"><span style=\"vertical-align: inherit;\"><span style=\"vertical-align: inherit;\">\u00c0 plusieurs reprises pendant votre grossesse ou sur la fin, pour r\u00e9duire vos douleurs et tensions musculaires et articulaires, le massage sera votre meilleur alli\u00e9.<\/span><\/span><\/span><\/span><\/p>\n<p>[\/et_pb_text][\/et_pb_column][\/et_pb_row][\/et_pb_section][et_pb_section fb_built=\u00a0\u00bb1&Prime; admin_label=\u00a0\u00bbService\u00a0\u00bb _builder_version=\u00a0\u00bb4.20.0&Prime; _module_preset=\u00a0\u00bbdefault\u00a0\u00bb background_color=\u00a0\u00bbgcid-904649ba-8489-45ef-bc4d-794bd4d0fcba\u00a0\u00bb locked=\u00a0\u00bboff\u00a0\u00bb collapsed=\u00a0\u00bboff\u00a0\u00bb global_colors_info=\u00a0\u00bb{%22gcid-904649ba-8489-45ef-bc4d-794bd4d0fcba%22:%91%22background_color%22%93}\u00a0\u00bb][et_pb_row column_structure=\u00a0\u00bb1_2,1_2&Prime; _builder_version=\u00a0\u00bb4.20.0&Prime; _module_preset=\u00a0\u00bbdefault\u00a0\u00bb global_colors_info=\u00a0\u00bb{}\u00a0\u00bb][et_pb_column type=\u00a0\u00bb1_2&Prime; _builder_version=\u00a0\u00bb4.20.0&Prime; _module_preset=\u00a0\u00bbdefault\u00a0\u00bb global_colors_info=\u00a0\u00bb{}\u00a0\u00bb][et_pb_text _builder_version=\u00a0\u00bb4.21.2&Prime; _module_preset=\u00a0\u00bb21e36ecf-7ab0-408b-bbc0-c305c1250f7c\u00a0\u00bb header_2_font=\u00a0\u00bbGeorgia|500|||||||\u00a0\u00bb header_2_font_size_phone=\u00a0\u00bb30px\u00a0\u00bb global_colors_info=\u00a0\u00bb{}\u00a0\u00bb]<\/p>\n<h2>Bien-\u00eatre pour femme enceinte<\/h2>\n<p>[\/et_pb_text][et_pb_icon font_icon=\u00a0\u00bb&#xe089;||divi||400&Prime; icon_width=\u00a0\u00bb25px\u00a0\u00bb align=\u00a0\u00bbleft\u00a0\u00bb _builder_version=\u00a0\u00bb4.21.2&Prime; _module_preset=\u00a0\u00bbdefault\u00a0\u00bb custom_margin=\u00a0\u00bb0px||0px||false|false\u00a0\u00bb custom_padding=\u00a0\u00bb0px||0px||false|false\u00a0\u00bb global_colors_info=\u00a0\u00bb{}\u00a0\u00bb][\/et_pb_icon][et_pb_text _builder_version=\u00a0\u00bb4.21.2&Prime; _module_preset=\u00a0\u00bb66a4099d-dccd-4317-9a4b-a318854440ce\u00a0\u00bb text_font=\u00a0\u00bbPoppins||||||||\u00a0\u00bb text_text_color=\u00a0\u00bbgcid-bf11b58a-3825-4aa5-9b6e-5d8a197bb729&Prime; text_font_size=\u00a0\u00bb14px\u00a0\u00bb global_colors_info=\u00a0\u00bb{%22gcid-bf11b58a-3825-4aa5-9b6e-5d8a197bb729%22:%91%22text_text_color%22%93}\u00a0\u00bb]<\/p>\n<p>Le massage pour femme enceinte offre un moment pr\u00e9cieux de d\u00e9tente et de soulagement, apaisant les tensions musculaires et favorisant la circulation sanguine. En plus de r\u00e9duire le stress, il renforce le lien entre la m\u00e8re et son b\u00e9b\u00e9 \u00e0 na\u00eetre, cr\u00e9ant une oasis de calme au c\u0153ur de cette p\u00e9riode de transformation..<\/p>\n<p>[\/et_pb_text][et_pb_text _builder_version=\u00a0\u00bb4.21.2&Prime; _module_preset=\u00a0\u00bbdefault\u00a0\u00bb text_font=\u00a0\u00bbGeorgia||||||||\u00a0\u00bb text_text_color=\u00a0\u00bbgcid-4d43e4e1-32f9-4895-820b-82ada2c208ac\u00a0\u00bb text_font_size=\u00a0\u00bb18px\u00a0\u00bb global_colors_info=\u00a0\u00bb{%22gcid-4d43e4e1-32f9-4895-820b-82ada2c208ac%22:%91%22text_text_color%22%93}\u00a0\u00bb]<\/p>\n<p>Kimounette vous aide \u00e0 vous d\u00e9tendre<\/p>\n<p>[\/et_pb_text][et_pb_text _builder_version=\u00a0\u00bb4.21.2&Prime; _module_preset=\u00a0\u00bb44ce98b1-a8b6-4c59-a671-d17174d45dce\u00a0\u00bb header_2_font=\u00a0\u00bbGeorgia|500|||||||\u00a0\u00bb header_2_text_color=\u00a0\u00bbgcid-2e31b7fd-d230-45c7-b215-75413a3430ad\u00a0\u00bb header_2_font_size=\u00a0\u00bb30px\u00a0\u00bb header_2_font_size_phone=\u00a0\u00bb30px\u00a0\u00bb global_colors_info=\u00a0\u00bb{%22gcid-2e31b7fd-d230-45c7-b215-75413a3430ad%22:%91%22header_2_text_color%22%93}\u00a0\u00bb]<\/p>\n<h2>D\u00e9roulement d&rsquo;un massage pour femme enceinte<\/h2>\n<p>[\/et_pb_text][et_pb_text _builder_version=\u00a0\u00bb4.21.2&Prime; _module_preset=\u00a0\u00bbdefault\u00a0\u00bb text_font=\u00a0\u00bbPoppins||||||||\u00a0\u00bb text_text_color=\u00a0\u00bbgcid-bf11b58a-3825-4aa5-9b6e-5d8a197bb729&Prime; global_colors_info=\u00a0\u00bb{%22gcid-bf11b58a-3825-4aa5-9b6e-5d8a197bb729%22:%91%22text_text_color%22%93}\u00a0\u00bb]<\/p>\n<p><strong><span style=\"vertical-align: inherit;\"><span style=\"vertical-align: inherit;\">Pr\u00e9voir 1 h 45 \u00e0 votre domicile<\/span><\/span><\/strong><span style=\"vertical-align: inherit;\"><span style=\"vertical-align: inherit;\"> , la prestation comprend <\/span><\/span><strong><span style=\"vertical-align: inherit;\"><span style=\"vertical-align: inherit;\">un temps d&rsquo;\u00e9change<\/span><\/span><\/strong><span style=\"vertical-align: inherit;\"><span style=\"vertical-align: inherit;\"> pour pouvoir adapter ce moment de massage (pression(s), zone(s) \u00e0 traiter), et prendre en consid\u00e9ration votre \u00e9tat de sant\u00e9 et votre condition physique.<\/span><\/span><\/p>\n<p>[\/et_pb_text][\/et_pb_column][et_pb_column type=\u00a0\u00bb1_2&Prime; _builder_version=\u00a0\u00bb4.20.0&Prime; _module_preset=\u00a0\u00bbdefault\u00a0\u00bb global_colors_info=\u00a0\u00bb{}\u00a0\u00bb][et_pb_image src=\u00a0\u00bbhttps:\/\/kimounette.fr\/wp-content\/uploads\/2023\/08\/massage-femme-enceinte.jpg\u00a0\u00bb title_text=\u00a0\u00bbmassage-femme-enceinte\u00a0\u00bb disabled_on=\u00a0\u00bbon|off|off\u00a0\u00bb _builder_version=\u00a0\u00bb4.21.2&Prime; _module_preset=\u00a0\u00bbdefault\u00a0\u00bb border_radii=\u00a0\u00bbon|15px|15px|15px|15px\u00a0\u00bb global_colors_info=\u00a0\u00bb{}\u00a0\u00bb][\/et_pb_image][et_pb_image src=\u00a0\u00bbhttps:\/\/kimounette.fr\/wp-content\/uploads\/2023\/08\/beauty-esthetician-44.png\u00a0\u00bb title_text=\u00a0\u00bbbeauty-esthetician-44&Prime; disabled_on=\u00a0\u00bbon|off|off\u00a0\u00bb _builder_version=\u00a0\u00bb4.21.2&Prime; _module_preset=\u00a0\u00bbdefault\u00a0\u00bb width=\u00a0\u00bb60%\u00a0\u00bb custom_margin=\u00a0\u00bb-30%|||-12%|false|false\u00a0\u00bb global_colors_info=\u00a0\u00bb{}\u00a0\u00bb][\/et_pb_image][\/et_pb_column][\/et_pb_row][et_pb_row column_structure=\u00a0\u00bb3_5,2_5&Prime; custom_padding_last_edited=\u00a0\u00bbon|phone\u00a0\u00bb _builder_version=\u00a0\u00bb4.21.2&Prime; _module_preset=\u00a0\u00bbdefault\u00a0\u00bb background_enable_color=\u00a0\u00bboff\u00a0\u00bb custom_padding_tablet=\u00a0\u00bb\u00a0\u00bb custom_padding_phone=\u00a0\u00bb0px||||false|false\u00a0\u00bb locked=\u00a0\u00bboff\u00a0\u00bb global_colors_info=\u00a0\u00bb{}\u00a0\u00bb][et_pb_column type=\u00a0\u00bb3_5&Prime; _builder_version=\u00a0\u00bb4.21.2&Prime; _module_preset=\u00a0\u00bbdefault\u00a0\u00bb global_colors_info=\u00a0\u00bb{}\u00a0\u00bb][et_pb_text _builder_version=\u00a0\u00bb4.21.2&Prime; _module_preset=\u00a0\u00bbdefault\u00a0\u00bb text_font=\u00a0\u00bbGeorgia||||||||\u00a0\u00bb text_text_color=\u00a0\u00bbgcid-2e31b7fd-d230-45c7-b215-75413a3430ad\u00a0\u00bb text_font_size=\u00a0\u00bb18px\u00a0\u00bb global_colors_info=\u00a0\u00bb{%22gcid-2e31b7fd-d230-45c7-b215-75413a3430ad%22:%91%22text_text_color%22%93}\u00a0\u00bb]<\/p>\n<ul>\n<li><span style=\"vertical-align: inherit;\"><span style=\"vertical-align: inherit;\"><span style=\"vertical-align: inherit;\"><span style=\"vertical-align: inherit;\">80 minutes de massage<\/span><\/span><\/span><\/span><\/li>\n<li><span style=\"vertical-align: inherit;\"><span style=\"vertical-align: inherit;\"><span style=\"vertical-align: inherit;\"><span style=\"vertical-align: inherit;\">25 min d&rsquo;\u00e9changes et d&rsquo;installation<\/span><\/span><\/span><\/span><\/li>\n<\/ul>\n<p>[\/et_pb_text][et_pb_button button_url=\u00a0\u00bb@ET-DC@eyJkeW5hbWljIjp0cnVlLCJjb250ZW50IjoicG9zdF9saW5rX3VybF9wYWdlIiwic2V0dGluZ3MiOnsicG9zdF9pZCI6IjgzIn19@\u00a0\u00bb button_text=\u00a0\u00bbPrendre rendez-vous\u00a0\u00bb button_alignment=\u00a0\u00bbleft\u00a0\u00bb _builder_version=\u00a0\u00bb4.21.2&Prime; _dynamic_attributes=\u00a0\u00bbbutton_url\u00a0\u00bb _module_preset=\u00a0\u00bbee252cf9-4fa2-402b-aff1-54bd9d9804fd\u00a0\u00bb button_text_size=\u00a0\u00bb12px\u00a0\u00bb button_bg_color=\u00a0\u00bbgcid-bf11b58a-3825-4aa5-9b6e-5d8a197bb729&Prime; button_border_width=\u00a0\u00bb1px\u00a0\u00bb button_border_color=\u00a0\u00bbgcid-bf11b58a-3825-4aa5-9b6e-5d8a197bb729&Prime; button_border_radius=\u00a0\u00bb25px\u00a0\u00bb button_font=\u00a0\u00bbPoppins|700||on|||||\u00a0\u00bb locked=\u00a0\u00bboff\u00a0\u00bb global_colors_info=\u00a0\u00bb{%22gcid-593669bf-7b77-45f1-89ce-cfe13309ccf8%22:%91%22button_bg_color%22%93,%22gcid-bf11b58a-3825-4aa5-9b6e-5d8a197bb729%22:%91%22button_bg_color%22,%22button_border_color%22%93}\u00a0\u00bb][\/et_pb_button][\/et_pb_column][et_pb_column type=\u00a0\u00bb2_5&Prime; _builder_version=\u00a0\u00bb4.21.2&Prime; _module_preset=\u00a0\u00bbdefault\u00a0\u00bb background_color=\u00a0\u00bb#FFFFFF\u00a0\u00bb custom_padding=\u00a0\u00bb18px||18px||true|false\u00a0\u00bb border_width_all=\u00a0\u00bb1px\u00a0\u00bb border_color_all=\u00a0\u00bbgcid-4d43e4e1-32f9-4895-820b-82ada2c208ac\u00a0\u00bb global_colors_info=\u00a0\u00bb{%22gcid-4d43e4e1-32f9-4895-820b-82ada2c208ac%22:%91%22border_color_all%22%93}\u00a0\u00bb][et_pb_text _builder_version=\u00a0\u00bb4.21.2&Prime; _module_preset=\u00a0\u00bbdefault\u00a0\u00bb text_font=\u00a0\u00bbGeorgia||||||||\u00a0\u00bb text_text_color=\u00a0\u00bbgcid-bf11b58a-3825-4aa5-9b6e-5d8a197bb729&Prime; text_font_size=\u00a0\u00bb22px\u00a0\u00bb text_orientation=\u00a0\u00bbcenter\u00a0\u00bb global_colors_info=\u00a0\u00bb{%22gcid-bf11b58a-3825-4aa5-9b6e-5d8a197bb729%22:%91%22text_text_color%22%93}\u00a0\u00bb]<\/p>\n<p>Massage femme enceinte :<\/p>\n<p>[\/et_pb_text][et_pb_text _builder_version=\u00a0\u00bb4.21.2&Prime; _module_preset=\u00a0\u00bbdefault\u00a0\u00bb text_font=\u00a0\u00bbPoppins||||||||\u00a0\u00bb text_text_color=\u00a0\u00bbgcid-4d43e4e1-32f9-4895-820b-82ada2c208ac\u00a0\u00bb text_font_size=\u00a0\u00bb28px\u00a0\u00bb text_line_height=\u00a0\u00bb1.4em\u00a0\u00bb text_orientation=\u00a0\u00bbcenter\u00a0\u00bb global_colors_info=\u00a0\u00bb{%22gcid-4d43e4e1-32f9-4895-820b-82ada2c208ac%22:%91%22text_text_color%22%93}\u00a0\u00bb]<\/p>\n<p><strong>80 min\u00a0<\/strong>= 80 \u20ac<\/p>\n<p>[\/et_pb_text][et_pb_text _builder_version=\u00a0\u00bb4.21.2&Prime; _module_preset=\u00a0\u00bbdefault\u00a0\u00bb text_font=\u00a0\u00bbGeorgia||||||||\u00a0\u00bb text_text_color=\u00a0\u00bbgcid-bf11b58a-3825-4aa5-9b6e-5d8a197bb729&Prime; text_font_size=\u00a0\u00bb22px\u00a0\u00bb text_orientation=\u00a0\u00bbcenter\u00a0\u00bb global_colors_info=\u00a0\u00bb{%22gcid-bf11b58a-3825-4aa5-9b6e-5d8a197bb729%22:%91%22text_text_color%22%93}\u00a0\u00bb]<\/p>\n<p>Les forfaits :<\/p>\n<p>[\/et_pb_text][et_pb_text _builder_version=\u00a0\u00bb4.21.2&Prime; _module_preset=\u00a0\u00bbdefault\u00a0\u00bb text_font=\u00a0\u00bbPoppins||||||||\u00a0\u00bb text_text_color=\u00a0\u00bbgcid-4d43e4e1-32f9-4895-820b-82ada2c208ac\u00a0\u00bb text_font_size=\u00a0\u00bb28px\u00a0\u00bb text_line_height=\u00a0\u00bb1.4em\u00a0\u00bb text_orientation=\u00a0\u00bbcenter\u00a0\u00bb global_colors_info=\u00a0\u00bb{%22gcid-4d43e4e1-32f9-4895-820b-82ada2c208ac%22:%91%22text_text_color%22%93}\u00a0\u00bb]<\/p>\n<p><strong>3 massages<\/strong> = 210 \u20ac<br \/><strong>5 massages<\/strong> = 350 \u20ac<\/p>\n<p>[\/et_pb_text][\/et_pb_column][\/et_pb_row][et_pb_row _builder_version=\u00a0\u00bb4.21.2&Prime; _module_preset=\u00a0\u00bbdefault\u00a0\u00bb global_colors_info=\u00a0\u00bb{}\u00a0\u00bb][et_pb_column type=\u00a0\u00bb4_4&Prime; _builder_version=\u00a0\u00bb4.21.2&Prime; _module_preset=\u00a0\u00bbdefault\u00a0\u00bb global_colors_info=\u00a0\u00bb{}\u00a0\u00bb][et_pb_image src=\u00a0\u00bbhttps:\/\/kimounette.fr\/wp-content\/uploads\/2023\/08\/massage-femme-enceinte.jpg\u00a0\u00bb title_text=\u00a0\u00bbmassage-femme-enceinte\u00a0\u00bb disabled_on=\u00a0\u00bboff|on|on\u00a0\u00bb _builder_version=\u00a0\u00bb4.21.2&Prime; _module_preset=\u00a0\u00bbdefault\u00a0\u00bb border_radii=\u00a0\u00bbon|15px|15px|15px|15px\u00a0\u00bb global_colors_info=\u00a0\u00bb{}\u00a0\u00bb][\/et_pb_image][et_pb_image src=\u00a0\u00bbhttps:\/\/kimounette.fr\/wp-content\/uploads\/2023\/08\/beauty-esthetician-44.png\u00a0\u00bb title_text=\u00a0\u00bbbeauty-esthetician-44&Prime; disabled_on=\u00a0\u00bboff|on|on\u00a0\u00bb _builder_version=\u00a0\u00bb4.21.2&Prime; _module_preset=\u00a0\u00bbdefault\u00a0\u00bb width=\u00a0\u00bb60%\u00a0\u00bb custom_margin=\u00a0\u00bb-30%|||-12%|false|false\u00a0\u00bb global_colors_info=\u00a0\u00bb{}\u00a0\u00bb][\/et_pb_image][\/et_pb_column][\/et_pb_row][\/et_pb_section]<\/p>\n","protected":false},"excerpt":{"rendered":"<p>Massage femme enceinteVous avez besoin de d\u00e9tente, d&rsquo;un moment bien \u00eatre, de soulager vos maux ? \u00c0 plusieurs reprises pendant votre grossesse ou sur la fin, pour r\u00e9duire vos douleurs et tensions musculaires et articulaires, le massage sera votre meilleur alli\u00e9.Bien-\u00eatre pour femme enceinteLe massage pour femme enceinte offre un moment pr\u00e9cieux de d\u00e9tente et [&hellip;]<\/p>\n","protected":false},"author":2,"featured_media":0,"parent":0,"menu_order":0,"comment_status":"closed","ping_status":"closed","template":"","meta":{"_et_pb_use_builder":"on","_et_pb_old_content":"","_et_gb_content_width":"","footnotes":""},"class_list":["post-252","page","type-page","status-publish","hentry"],"yoast_head":"<!-- This site is optimized with the Yoast SEO plugin v22.9 - https:\/\/yoast.com\/wordpress\/plugins\/seo\/ -->\n<title>Massage femme enceinte - Kimounette<\/title>\n<meta name=\"robots\" content=\"index, follow, max-snippet:-1, max-image-preview:large, max-video-preview:-1\" \/>\n<link rel=\"canonical\" href=\"https:\/\/kimounette.fr\/index.php\/massage-femme-enceinte\/\" \/>\n<meta property=\"og:locale\" content=\"fr_FR\" \/>\n<meta property=\"og:type\" content=\"article\" \/>\n<meta property=\"og:title\" content=\"Massage femme enceinte - Kimounette\" \/>\n<meta property=\"og:description\" content=\"Massage femme enceinteVous avez besoin de d\u00e9tente, d&#039;un moment bien \u00eatre, de soulager vos maux ? \u00c0 plusieurs reprises pendant votre grossesse ou sur la fin, pour r\u00e9duire vos douleurs et tensions musculaires et articulaires, le massage sera votre meilleur alli\u00e9.Bien-\u00eatre pour femme enceinteLe massage pour femme enceinte offre un moment pr\u00e9cieux de d\u00e9tente et [&hellip;]\" \/>\n<meta property=\"og:url\" content=\"https:\/\/kimounette.fr\/index.php\/massage-femme-enceinte\/\" \/>\n<meta property=\"og:site_name\" content=\"Kimounette\" \/>\n<meta property=\"article:modified_time\" content=\"2023-09-01T09:33:54+00:00\" \/>\n<meta name=\"twitter:card\" content=\"summary_large_image\" \/>\n<script type=\"application\/ld+json\" class=\"yoast-schema-graph\">{\"@context\":\"https:\/\/schema.org\",\"@graph\":[{\"@type\":\"WebPage\",\"@id\":\"https:\/\/kimounette.fr\/index.php\/massage-femme-enceinte\/\",\"url\":\"https:\/\/kimounette.fr\/index.php\/massage-femme-enceinte\/\",\"name\":\"Massage femme enceinte - Kimounette\",\"isPartOf\":{\"@id\":\"https:\/\/kimounette.fr\/#website\"},\"datePublished\":\"2023-08-15T13:34:58+00:00\",\"dateModified\":\"2023-09-01T09:33:54+00:00\",\"breadcrumb\":{\"@id\":\"https:\/\/kimounette.fr\/index.php\/massage-femme-enceinte\/#breadcrumb\"},\"inLanguage\":\"fr-FR\",\"potentialAction\":[{\"@type\":\"ReadAction\",\"target\":[\"https:\/\/kimounette.fr\/index.php\/massage-femme-enceinte\/\"]}]},{\"@type\":\"BreadcrumbList\",\"@id\":\"https:\/\/kimounette.fr\/index.php\/massage-femme-enceinte\/#breadcrumb\",\"itemListElement\":[{\"@type\":\"ListItem\",\"position\":1,\"name\":\"Home\",\"item\":\"https:\/\/kimounette.fr\/\"},{\"@type\":\"ListItem\",\"position\":2,\"name\":\"Massage femme enceinte\"}]},{\"@type\":\"WebSite\",\"@id\":\"https:\/\/kimounette.fr\/#website\",\"url\":\"https:\/\/kimounette.fr\/\",\"name\":\"Kimounette\",\"description\":\"Accompagnante \u00e0 la parentalit\u00e9 \u00e0 Julienas\",\"publisher\":{\"@id\":\"https:\/\/kimounette.fr\/#organization\"},\"potentialAction\":[{\"@type\":\"SearchAction\",\"target\":{\"@type\":\"EntryPoint\",\"urlTemplate\":\"https:\/\/kimounette.fr\/?s={search_term_string}\"},\"query-input\":\"required name=search_term_string\"}],\"inLanguage\":\"fr-FR\"},{\"@type\":\"Organization\",\"@id\":\"https:\/\/kimounette.fr\/#organization\",\"name\":\"Kimounette\",\"alternateName\":\"Kimounette\",\"url\":\"https:\/\/kimounette.fr\/\",\"logo\":{\"@type\":\"ImageObject\",\"inLanguage\":\"fr-FR\",\"@id\":\"https:\/\/kimounette.fr\/#\/schema\/logo\/image\/\",\"url\":\"https:\/\/kimounette.fr\/wp-content\/uploads\/2023\/08\/cropped-KIMOUNETTE_LOGO_DECLINAISON_V2_ROUGE.png\",\"contentUrl\":\"https:\/\/kimounette.fr\/wp-content\/uploads\/2023\/08\/cropped-KIMOUNETTE_LOGO_DECLINAISON_V2_ROUGE.png\",\"width\":512,\"height\":512,\"caption\":\"Kimounette\"},\"image\":{\"@id\":\"https:\/\/kimounette.fr\/#\/schema\/logo\/image\/\"},\"sameAs\":[\"https:\/\/www.instagram.com\/kimounette_fr\/\"]}]}<\/script>\n<!-- \/ Yoast SEO plugin. -->","yoast_head_json":{"title":"Massage femme enceinte - Kimounette","robots":{"index":"index","follow":"follow","max-snippet":"max-snippet:-1","max-image-preview":"max-image-preview:large","max-video-preview":"max-video-preview:-1"},"canonical":"https:\/\/kimounette.fr\/index.php\/massage-femme-enceinte\/","og_locale":"fr_FR","og_type":"article","og_title":"Massage femme enceinte - Kimounette","og_description":"Massage femme enceinteVous avez besoin de d\u00e9tente, d'un moment bien \u00eatre, de soulager vos maux ? \u00c0 plusieurs reprises pendant votre grossesse ou sur la fin, pour r\u00e9duire vos douleurs et tensions musculaires et articulaires, le massage sera votre meilleur alli\u00e9.Bien-\u00eatre pour femme enceinteLe massage pour femme enceinte offre un moment pr\u00e9cieux de d\u00e9tente et [&hellip;]","og_url":"https:\/\/kimounette.fr\/index.php\/massage-femme-enceinte\/","og_site_name":"Kimounette","article_modified_time":"2023-09-01T09:33:54+00:00","twitter_card":"summary_large_image","schema":{"@context":"https:\/\/schema.org","@graph":[{"@type":"WebPage","@id":"https:\/\/kimounette.fr\/index.php\/massage-femme-enceinte\/","url":"https:\/\/kimounette.fr\/index.php\/massage-femme-enceinte\/","name":"Massage femme enceinte - Kimounette","isPartOf":{"@id":"https:\/\/kimounette.fr\/#website"},"datePublished":"2023-08-15T13:34:58+00:00","dateModified":"2023-09-01T09:33:54+00:00","breadcrumb":{"@id":"https:\/\/kimounette.fr\/index.php\/massage-femme-enceinte\/#breadcrumb"},"inLanguage":"fr-FR","potentialAction":[{"@type":"ReadAction","target":["https:\/\/kimounette.fr\/index.php\/massage-femme-enceinte\/"]}]},{"@type":"BreadcrumbList","@id":"https:\/\/kimounette.fr\/index.php\/massage-femme-enceinte\/#breadcrumb","itemListElement":[{"@type":"ListItem","position":1,"name":"Home","item":"https:\/\/kimounette.fr\/"},{"@type":"ListItem","position":2,"name":"Massage femme enceinte"}]},{"@type":"WebSite","@id":"https:\/\/kimounette.fr\/#website","url":"https:\/\/kimounette.fr\/","name":"Kimounette","description":"Accompagnante \u00e0 la parentalit\u00e9 \u00e0 Julienas","publisher":{"@id":"https:\/\/kimounette.fr\/#organization"},"potentialAction":[{"@type":"SearchAction","target":{"@type":"EntryPoint","urlTemplate":"https:\/\/kimounette.fr\/?s={search_term_string}"},"query-input":"required name=search_term_string"}],"inLanguage":"fr-FR"},{"@type":"Organization","@id":"https:\/\/kimounette.fr\/#organization","name":"Kimounette","alternateName":"Kimounette","url":"https:\/\/kimounette.fr\/","logo":{"@type":"ImageObject","inLanguage":"fr-FR","@id":"https:\/\/kimounette.fr\/#\/schema\/logo\/image\/","url":"https:\/\/kimounette.fr\/wp-content\/uploads\/2023\/08\/cropped-KIMOUNETTE_LOGO_DECLINAISON_V2_ROUGE.png","contentUrl":"https:\/\/kimounette.fr\/wp-content\/uploads\/2023\/08\/cropped-KIMOUNETTE_LOGO_DECLINAISON_V2_ROUGE.png","width":512,"height":512,"caption":"Kimounette"},"image":{"@id":"https:\/\/kimounette.fr\/#\/schema\/logo\/image\/"},"sameAs":["https:\/\/www.instagram.com\/kimounette_fr\/"]}]}},"_links":{"self":[{"href":"https:\/\/kimounette.fr\/index.php\/wp-json\/wp\/v2\/pages\/252","targetHints":{"allow":["GET"]}}],"collection":[{"href":"https:\/\/kimounette.fr\/index.php\/wp-json\/wp\/v2\/pages"}],"about":[{"href":"https:\/\/kimounette.fr\/index.php\/wp-json\/wp\/v2\/types\/page"}],"author":[{"embeddable":true,"href":"https:\/\/kimounette.fr\/index.php\/wp-json\/wp\/v2\/users\/2"}],"replies":[{"embeddable":true,"href":"https:\/\/kimounette.fr\/index.php\/wp-json\/wp\/v2\/comments?post=252"}],"version-history":[{"count":15,"href":"https:\/\/kimounette.fr\/index.php\/wp-json\/wp\/v2\/pages\/252\/revisions"}],"predecessor-version":[{"id":514,"href":"https:\/\/kimounette.fr\/index.php\/wp-json\/wp\/v2\/pages\/252\/revisions\/514"}],"wp:attachment":[{"href":"https:\/\/kimounette.fr\/index.php\/wp-json\/wp\/v2\/media?parent=252"}],"curies":[{"name":"wp","href":"https:\/\/api.w.org\/{rel}","templated":true}]}}